 4227262?
2
What is the ten thousands digit of 309413?
0
What is the tens digit of 2972886?
8
What is the ten thousands digit of 738868?
3
What is the thousands digit of 568015?
8
What is the ten millions digit of 12244660?
1
What is the hundreds digit of 6815775?
7
What is the ten thousands digit of 421388?
2
What is the thousands digit of 25399355?
9
What is the tens digit of 3417353?
5
What is the units digit of 92318?
8
What is the thousands digit of 28428187?
8
What is the ten thousands digit of 3206550?
0
What is the ten thousands digit of 1698720?
9
What is the hundred thousands digit of 2765497?
7
What is the tens digit of 531940?
4
What is the hundreds digit of 109351?
3
What is the ten thousands digit of 31059?
3
What is the millions digit of 3951328?
3
What is the hundred thousands digit of 696291?
6
What is the units digit of 154250?
0
What is the thousands digit of 661921?
1
What is the ten thousands digit of 266663?
6
What is the hundred thousands digit of 674115?
6
What is the units digit of 1397?
7
What is the ten thousands digit of 2655491?
5
What is the thousands digit of 123753?
3
What is the hundreds digit of 55680?
6
What is the units digit of 4526407?
7
What is the units digit of 38113796?
6
What is the hundreds digit of 12132486?
4
What is the units digit of 7927953?
3
What is the thousands digit of 120715?
0
What is the tens digit of 12714334?
3
What is the ten millions digit of 13150886?
1
What is the ten thousands digit of 97835?
9
What is the hundreds digit of 201847?
8
What is the hundreds digit of 3693718?
7
What is the hundred thousands digit of 1921715?
9
What is the hundreds digit of 83762?
7
What is the hundred thousands digit of 387632?
3
What is the hundreds digit of 11016006?
0
What is the units digit of 762182?
2
What is the thousands digit of 203883?
3
What is the units digit of 11925437?
7
What is the ten thousands digit of 474756?
7
What is the tens digit of 15367?
6
What is the tens digit of 902735?
3
What is the units digit of 4555908?
8
What is the hundreds digit of 314811?
8
What is the tens digit of 75366?
6
What is the ten thousands digit of 646300?
4
What is the hundred thousands digit of 412800?
4
What is the units digit of 3312314?
4
What is the hundreds digit of 16595?
5
What is the ten thousands digit of 2466591?
6
What is the tens digit of 3290113?
1
What is the ten millions digit of 10640603?
1
What is the tens digit of 1887689?
8
What is the units digit of 1884500?
0
What is the millions digit of 2672217?
2
What is the thousands digit of 9337962?
7
What is the tens digit of 3056813?
1
What is the hundreds digit of 488975?
9
What is the thousands digit of 13005925?
5
What is the thousands digit of 6621702?
1
What is the hundreds digit of 20765189?
1
What is the units digit of 33058?
8
What is the thousands digit of 1807680?
7
What is the millions digit of 2115847?
2
What is the ten thousands digit of 345460?
4
What is the hundred thousands digit of 1381649?
3
What is the millions digit of 23669643?
3
What is the ten millions digit of 34161771?
3
What is the tens digit of 771670?
7
What is the hundreds digit of 7812700?
7
What is the units digit of 644461?
1
What is the units digit of 6022356?
6
What is the thousands digit of 1457793?
7
What is the ten thousands digit of 980163?
8
What is the thousands digit of 665859?
5
What is the hundreds digit of 804289?
2
What is the hundred thousands digit of 3951405?
9
What is the ten millions digit of 30110564?
3
What is the millions digit of 13698266?
3
What is the thousands digit of 13224970?
4
What is the tens digit of 6776906?
0
What is the units digit of 555142?
2
What is the hundreds digit of 173472?
4
What is the tens digit of 2114627?
2
What is the hundreds digit of 1012156?
1
What is the hundred thousands digit of 290852?
2
What is the millions digit of 3222194?
3
What is the hundreds digit of 136964?
9
What is the units digit of 215836?
6
What is the thousands digit of 51877?
1
What is the hundreds digit of 264529?
5
What is the units digit of 2629498?
8
What is the hundreds digit of 3642828?
8
What is the ten thousands digit of 15260108?
6
What is the units digit of 14991?
1
What is the millions digit of 2147960?
2
What is the units digit of 866044?
4
What is the thousands digit of 9877?
9
What is the tens digit of 341885?
8
What is the ten thousands digit of 69133?
6
What is the thousands digit of 670571?
0
What is the thousands digit of 923984?
3
What is the millions digit of 2564944?
2
What is the thousands digit of 564067?
4
What is the hundred thousands digit of 185218?
1
What is the hundreds digit of 2415945?
9
What is the tens digit of 2437790?
9
What is the units digit of 1181538?
8
What is the thousands digit of 156178?
6
What is the thousands digit of 470035?
0
What is the tens digit of 1443012?
1
What is the ten millions digit of 22661636?
2
What is the ten thousands digit of 222379?
2
What is the hundreds digit of 87671?
6
What is the units digit of 647406?
6
What is the thousands digit of 9257087?
7
What is the thousands digit of 1228126?
8
What is the hundreds digit of 3731037?
0
What is the ten millions digit of 45616555?
4
What is the hundreds digit of 514057?
0
What is the thousands digit of 205023?
5
What is the ten thousands digit of 25374942?
7
What is the millions digit of 1877398?
1
What is the tens digit of 253353?
5
What is the thousands digit of 311247?
1
What is the hundred thousands digit of 8555292?
5
What is the hundreds digit of 216953?
9
What is the hundreds digit of 144202?
2
What is the tens digit of 275296?
9
What is the ten thousands digit of 308224?
0
What is the hundred thousands digit of 397848?
3
What is the hundreds digit of 192847?
8
What is the hundred thousands digit of 868520?
8
What is the units digit of 1166580?
0
What is the units digit of 1531002?
2
What is the hundred thousands digit of 8647419?
6
What is the millions digit of 4044225?
4
What is the hundreds digit of 17867925?
9
What is the thousands digit of 290931?
0
What is the tens digit of 4613018?
1
What is the tens digit of 6641280?
8
What is the ten thousands digit of 202008?
0
What is the hundred thousands digit of 3627826?
6
What is the units digit of 340163?
3
What is the thousands digit of 680706?
0
What is the ten thousands digit of 4626906?
2
What is the hundred thousands digit of 4641892?
6
What is the tens digit of 3377859?
5
What is the thousands digit of 7678338?
8
What is the tens digit of 3692069?
6
What is the ten thousands digit of 66906?
6
What is the ten thousands digit of 8558107?
5
What is the hundreds digit of 852444?
4
What is the units digit of 270411?
1
What is the units digit of 1907354?
4
What is the thousands digit of 439425?
9
What is the hundred thousands digit of 1563499?
5
What is the tens digit of 122001?
0
What is the ten thousands digit of 95681?
9
What is the hundred thousands digit of 7138966?
1
What is the hundred thousands digit of 7435706?
4
What is the hundred thousands digit of 196637?
1
What is the tens digit of 2522245?
4
What is the units digit of 8582681?
1
What is the units digit of 203007?
7
What is the units digit of 32581?
1
What is the millions digit of 1421614?
1
What is the tens digit of 219948?
4
What is the hundred thousands digit of 113745?
1
What is the ten millions digit of 15334797?
1
What is the hundreds digit of 51338?
3
What is the ten thousands digit of 4354765?
5
What is the thousands digit of 13606461?
6
What is the tens digit of 5154725?
2
What is the thousands digit of 135454?
5
What is the ten thousands digit of 17513378?
1
What is the tens digit of 266045?
4
What is the units digit of 9755429?
9
What is the thousands digit of 122119?
2
What is the hundreds digit of 382814?
8
What is the units digit of 31290528?
8
What is the units digit of 1410838?
8
What is the tens digit of 24683101?
0
What is the units digit of 82161?
1
What is the thousands digit of 256442?
6
What is the ten thousands digit of 729186?
2
What is the tens digit of 5564931?
3
What is the hundred thousands digit of 327470?
3
What is the thousands digit of 1040797?
0
What is the thousands digit of 2366978?
6
What is the tens digit of 158052?
5
What is the hundreds digit of 318381?
3
What is the hund